Let g be p(3). Let r = -503 + g. Let o = 430 - 294. What is the remainder when o is divided by r?
10
Suppose 4*k + 3*d + 123 = -119, -5*k = -d + 312. Let y = k + 132. Let c = y - -6. Calculate the remainder when c is divided by 30.
16
Let c(q) = -91*q + 1729. Calculate the remainder when c(10) is divided by 55.
49
Calculate the remainder when 373 is divided by (-12)/78 - (-24)/(-52)*-269.
1
Let j(w) = -9*w + 22. Let g be j(2). Let s be (2/g)/(((-7)/10)/(-7)). Suppose 5*a = -s*y - 89 + 294, -a = -y - 45. What is the remainder when a is divided by 9?
7
Suppose -a = 4*a - 45. Let z = -11 + 17. Suppose 9*g - z*g = 12. Calculate the remainder when a is divided by g.
1
Suppose 0 = 558*k - 555*k - 2*g - 8, -2*g - 24 = -5*k. Let b(z) = -z**2 + 52. What is the remainder when b(0) is divided by k?
4
Let i(p) = 35144*p - 316244. What is the remainder when i(9) is divided by (16/3)/(1/3)?
4
Suppose -49*u + 66*u + 17 = 102. What is the remainder when 15 is divided by u?
0
Let a(y) = 2 + 0 + 2 + 6*y. Let r be a(-2). What is the remainder when 18 is divided by (3 + r)*(-1)/5*7?
4
Suppose -q - q + 106 = 0. Suppose 949 - 940 = 3*h. Calculate the remainder when 156 - (h + 2 - 4) is divided by q.
49
Suppose 5*t - 4*p + 3*p = 62, -p - 10 = -t. Suppose -3*v + 3*g + 0 + 57 = 0, v - 2*g = 16. What is the remainder when v is divided by t?
9
Let w be (4 + -2 + 3)*(-8)/(-10). Suppose 4*u - w = 0, 49 = 2*q - 2*u - u. Suppose 4*x = 2*x + q. What is the remainder when 37 is divided by x?
11
Suppose -r + 225 + 69 = 0. Suppose 144 = 4*t + 4*c, -3*t + 5*c = 4*c - 96. Calculate the remainder when r is divided by t.
30
Let a be (-1)/((-20)/64)*-10. Let l = -6 - a. Let q = -2115 + 2121. Calculate the remainder when l is divided by q.
2
Let o = 4143 + -3850. Calculate the remainder when o is divided by 75.
68
Let s = -27 - -54. Suppose -7*m + 2*m + 2630 = -2*u, 3*u = -4*m + 2127. Suppose 4*g - m = -0*g. Calculate the remainder when g is divided by s.
24
Let q = 9 + -5. Suppose 3*i + i = -q*t + 124, 3*t + 123 = 5*i. Let d = -7 + i. Calculate the remainder when d is divided by 8.
4
Suppose 95 = u - 4*n, -31*n + 35*n + 202 = 2*u. Suppose -22 = 2*a - 106. What is the remainder when u is divided by a?
23
Let n(i) = 6*i**2 - 10*i - 6. Let a be 40/28 - (-8)/14. Suppose -4*t = -v + 20, -2*v = a*v - 16. Calculate the remainder when n(t) is divided by 19.
16
Suppose -3*l + 246 = 237. Suppose l*u - 14 = 2*c - 43, 2*c + 4*u - 64 = 0. What is the remainder when 31 is divided by c?
9
Let c be 8/(-10)*1870/(-4). Suppose 8*s - c = -102. What is the remainder when s is divided by 6?
4
Let g(x) = 5*x**3 + x**2 - 2*x + 2. Let d be g(1). What is the remainder when 1925/56 - d/16 - 5 is divided by 28?
1
Let q = -6 + 18. Let j(c) = c**2 + 11*c - 465. Calculate the remainder when j(18) is divided by q.
9
Suppose -7*i + 200 = -892 - 3605. What is the remainder when i is divided by 134?
1
Suppose 0 = 3*b - 3, -5*b + 137 = o. What is the remainder when (-2)/(-2) - o/(28/(-7)) is divided by (-2)/8 + 147/12?
10
Let k = 15874 - 15768. Calculate the remainder when 857 is divided by k.
9
Let i = 124 + -94. Let s(y) = -y**3 - 11*y**2 + 12*y + 15. What is the remainder when 4/i*5*(-81)/(-2) is divided by s(-12)?
12
Let c = 16864 + -16847. Let y = 9 - 9. Suppose y = 5*h - 531 - 814. Calculate the remainder when h is divided by c.
14
Suppose 20*d - 21*d = 2*h - 641, 934 = 3*h - 4*d. Suppose h = -18*s + 24*s. What is the remainder when s is divided by 6?
5
Let a = 4922 - 3870. Calculate the remainder when a is divided by 209.
7
Let m(p) = 3*p**3 - 2*p - 2. Let x be m(-1). Calculate the remainder when 97 is divided by 147*x/(-9)*1.
48
Let l = -13665 + 13725. Calculate the remainder when 1012 is divided by l.
52
Let p be (88/(-10) - -8)*(-10)/4. Suppose 0*q - 5*q = -5*x + 535, -p*q = 4*x - 458. Calculate the remainder when x is divided by 9.
4
Let v be 0/((72/6)/2). Suppose -t + 40 = 2*w, -3*w + v*w + 61 = t. Calculate the remainder when w is divided by 5.
1
What is the remainder when 6969 is divided by 4/6 - 19415/(-1059)?
15
Let r(q) = -58*q + 3816. Calculate the remainder when 1496 is divided by r(53).
12
Suppose -2*g = 2*g - 16. Let d = -259 - -449. Suppose -3*k + 4*v + 122 = 0, -d = 2*k - 7*k + 4*v. Calculate the remainder when k is divided by g.
2
Suppose -15 = -3*t, -4*l - 10 + 45 = -t. Let w be (l - 4)/(-2) + 4. Calculate the remainder when 6/(-12)*(-118)/w is divided by 16.
11
Let h = 4 - -203. Suppose -n + 52 = -b, 5*n + 2*b - 171 - 61 = 0. What is the remainder when h is divided by n?
15
Suppose 0 = -4*a + 17*w - 14*w + 316, -3*w = 12. Calculate the remainder when 300 is divided by a.
72
What is the remainder when (6568/(-10) + (-129 - -141))/((-4)/10) is divided by 17?
14
Let g(w) = -7*w**2 + 20*w - 30. Let l be g(6). Let r = 243 + l. What is the remainder when r is divided by 28?
25
Let v = -42 - -41. Let w be (v + 1)/(0 - 3 - 0). Suppose -3*h + q - 5*q + 145 = w, 3*h - 151 = -q. What is the remainder when h is divided by 27?
24
Suppose 7*c - 12*c - b = 1, 0 = -5*c + 4*b - 21. Calculate the remainder when (((-228)/(-8))/1)/(c/(-10)) is divided by 32.
29
Let j(n) = -7*n**2 - 194*n - 26. What is the remainder when j(-27) is divided by 29?
22
Calculate the remainder when 1618 is divided by 8*24/(-4)*(-3)/12.
10
Let g = 811 + -781. Suppose z + 10 = -5*t - z, -3*z = -t - 2. Calculate the remainder when g is divided by 0/1 - t - -9.
8
Suppose -7074 = 33*n - 60*n. What is the remainder when n is divided by 6?
4
Suppose j - 29 = -4*s, -55*s - 5*j = -57*s + 31. Let o be (-2556)/54 + (-4)/6. Let f = o + 70. What is the remainder when f is divided by s?
6
Suppose -5*i + 33 = -k - 0*k, 0 = 3*k - i + 113. Let n be 57/k + (-6)/(-4). Suppose -54 = -6*b - n*b. What is the remainder when b is divided by 3?
0
Suppose 2*c + 64 = 5*o - 2*c, 2*o - 21 = -3*c. Suppose -o = 4*m - 144. Suppose 10*b - 1392 + 82 = 0. Calculate the remainder when b is divided by m.
32
What is the remainder when 422 is divided by (234 + -24)*8/28?
2
Let j = 70 - -8. Suppose 5*a - 132 = -2*s, 0 = -5*a - 5*s + 107 + 28. Calculate the remainder when j is divided by a.
0
Let i(b) = -b**2 + 8*b + 3. Let u be i(9). Let m be (3 + -2)*u/(-2). What is the remainder when -2 - (-53 + -2 + m) is divided by 13?
11
Let k(j) = 428*j - 705. What is the remainder when 1363 is divided by k(2)?
4
Suppose -5*w + 47 = -28. Suppose -66 = 5*u + 9. Let x = 19 + u. What is the remainder when w is divided by x?
3
Let s(r) = r**2 + 20*r - 54. Let m be s(-28). Suppose 2*c - 152 = 5*b, -2*c - 6*b = -2*b - m. What is the remainder when c is divided by 28?
25
Suppose 0 = -5*s - 4*u + 244, 5*s + 0*s + 5*u = 240. Let x(r) = -4*r**3 + 21*r**2 + 3*r + 19. Calculate the remainder when x(5) is divided by s.
7
Suppose -2*q + 3*q + u + 5 = 0, 2*q + 4*u = -16. Let o be -3 + 128/12 - q/(-3). Suppose -o*h + h = -474. Calculate the remainder when h is divided by 23.
10
Suppose 6827*a - 3410*a = 3412*a + 460. Suppose -8*s + 4*s + 644 = 0. Suppose o = -3*k - 2*k + s, -o = k - 33. Calculate the remainder when a is divided by k.
28
Suppose 4100 = 11*q - 1972. Suppose -q = -x - 5*x. What is the remainder when x is divided by 19?
16
Calculate the remainder when ((342/(-21))/(-1))/((-8)/(-1680)*10) is divided by 65.
17
Let y be (-12 - 369/(-18))/(2/(-148)). Let t = -574 - y. Calculate the remainder when t is divided by 14.
13
Let r = -10861 - -10891. Calculate the remainder when 357 is divided by r.
27
Suppose -63*k = -2820 - 3921. What is the remainder when 640 is divided by k?
105
Suppose -439 = -8*y + 2441. Suppose -5*v + 356 = t - 4*t, -5*v = -5*t - y. What is the remainder when v is divided by 24?
22
Let q be 4 + -2 + (4 - 6). Let f(o) = 7*o + 293. What is the remainder when f(q) is divided by 42?
41
Let c(t) = -40*t**2 + 421*t + 46. Calculate the remainder when 770 is divided by c(10).
2
Suppose -43*z = -12*z - 582 - 286. What is the remainder when 498 is divided by z?
22
Suppose -15 = -4*u + 3*u. Suppose 8*d = -k + 6*d + 3, 2 = -4*k - d. What is the remainder when 174/(-18)*6/k is divided by u?
13
Let a = 15379 - 9191. What is the remainder when a is divided by 43?
39
Suppose 3*k + 2*w - 4279 + 1496 = 0, 0 = -2*k - 5*w + 1848. Calculate the remainder when k is divided by 62.
61
Let w(b